factors of w(7).
5, 23, 107
Let m be 16*4/(-8)*-2. Let l be (3 + -2 + -2)/(m/(-2992)). Suppose 4*k - l - 73 = 0. What are the prime factors of k?
5, 13
Let d = -290 - -129. Let a = d - -1092. List the prime factors of a.
7, 19
Let c(r) = -2*r - 10. Suppose -2*a + 36 - 46 = 0. Let i be c(a). Suppose i = 2*l - 241 + 1. List the prime factors of l.
2, 3, 5
Let q = 2034 + -1965. List the prime factors of q.
3, 23
Let u(m) = -3*m**3 - 2*m**2 + 9*m - 5. Let i be u(6). Let t = i + 1331. What are the prime factors of t?
2, 3, 5, 11
Let g = 8171 + 4969. What are the prime factors of g?
2, 3, 5, 73
Let i(v) = 5*v**2 + 9*v + 15. Let q(l) = -l**2 - l. Let x(y) = -i(y) - 6*q(y). What are the prime factors of x(10)?
5, 11
Suppose -289 - 9 = -2*m. Let k = 97 + m. Let d = k - 173. List the prime factors of d.
73
Suppose 2*p + 4*o - 90586 = 0, -4*p - 15*o + 181124 = -19*o. List the prime factors of p.
3, 5, 3019
Suppose 46 = 4*t + 2*a, 6*t = 11*t - a - 40. Suppose 2*c = -t*c + 1188. What are the prime factors of c?
2, 3
Let o = 1 - 3. Suppose -16*z - 4*f - 70 = -11*z, 0 = z + 5*f - 7. List the prime factors of ((-576)/z)/(o/(-8)).
2
Let x(n) = -n**2 - 18*n + 5. Let l be x(-8). Let v = -22 + l. What are the prime factors of v?
3, 7
Suppose 5*n + 2*a = 208 + 367, -3*a - 98 = -n. Suppose 5*o - 224 = 3*d, 5*o = d + 115 + n. List the prime factors of o.
2, 23
Suppose -4*n = n. Let k(u) = -2*u + 2. Let t be k(0). Suppose n*h - 54 = -t*h. List the prime factors of h.
3
Suppose 117*h - 15974 = 103*h. List the prime factors of h.
7, 163
Let i = -337 - -171. Let q = -90 - i. List the prime factors of q.
2, 19
Suppose g - 5733 = -d, 19*g - 22927 = -4*d + 14*g. What are the prime factors of d?
2, 19, 151
Let m = 42 + -37. Suppose -3*f + m*u - 4*u = 12, 5*u = 5*f + 10. Let q(c) = 4*c**2 + c + 4. What are the prime factors of q(f)?
3, 11
Let d(b) be the first derivative of b**3/3 - 9*b**2/2 - 47*b - 72. What are the prime factors of d(-10)?
11, 13
Suppose -3936 = -9*z - 939. Suppose -70 = n - z. Let a = 373 - n. What are the prime factors of a?
2, 5, 11
Let c = -371 + -1424. Let z be 3 + -2 - c/5. Suppose 4*j + 2*j = z. What are the prime factors of j?
2, 3, 5
Let b(q) = 4*q**2 + 53*q - 37. Let t(g) = -g**2 - 12*g - 34. Let c be t(-11). What are the prime factors of b(c)?
2, 5, 43
Suppose 0 = -62*n + 688153 + 829857 - 426066. What are the prime factors of n?
2, 7, 17, 37
Suppose -4 - 5 = -x + 2*s, 2*x = 3*s + 16. Suppose 0 = -4*m, -7*m = 5*t - x*m. List the prime factors of (-3 - -1)*(t + -14).
2, 7
Let a(n) = -n**3 - 5*n**2 + 4*n - 7. Let w be a(-5). Suppose -47 = -0*m + m. Let y = w - m. List the prime factors of y.
2, 5
Let j be (-810 + -3)/(3/(-2)). Let x = 922 - j. What are the prime factors of x?
2, 5, 19
Let z(p) = 2*p + 34. Let c be z(-17). Suppose 5*r - 566 = -o, c*r - 5*r + 1157 = 2*o. What are the prime factors of o?
3, 197
Suppose -26 = -3*d + 5*l - 3*l, -d - 4*l + 4 = 0. Suppose -18 = 2*a - d*a. Suppose -2*k + 4*m = -28, -2*k + 26 = -a*m - 4. List the prime factors of k.
2, 3
Suppose -105*m + 541619 + 106126 = 0. List the prime factors of m.
31, 199
Let q = -33 - -55. Let c = -26 + q. List the prime factors of 1 + c + 5 + 63.
5, 13
Suppose -6*w + 5*w + 4 = 0. Suppose -31*v + 32*v - w = 0. Suppose 2*n + v*c + 128 = 5*n, 98 = 3*n + 2*c. List the prime factors of n.
2, 3
Suppose 19 = 2*h - 63. Suppose -h*b + 10*b + 54374 = 0. What are the prime factors of b?
2, 877
Let a = -7953 + 9355. List the prime factors of a.
2, 701
Suppose 0*x + 5*x + 4*r = 2, -3*x = 3*r. Suppose -11*u + x*u + 549 = 0. What are the prime factors of u?
61
Suppose 35 = -2*w + 29. Let c(g) = -2*g**3 - 6*g**2 - 11*g + 5. List the prime factors of c(w).
2, 19
Suppose -34*v + 7660825 - 2902425 = 94*v. What are the prime factors of v?
5, 1487
Let r be ((-3)/(-6))/((-2)/(-4)) + -1. Let c be r - 0 - (-60)/(-5)*-1. Suppose -s + 1898 = c*s. List the prime factors of s.
2, 73
Let o(w) = -20*w + 31. Let c be o(3). Let u = c - -452. What are the prime factors of u?
3, 47
Suppose 18*r = 3*w + 14*r - 46193, 2*w - 30786 = 5*r. List the prime factors of w.
73, 211
Suppose l - 3*i = 4, -4*l + 3*i - 2 + 9 = 0. Let r(f) = 35*f**3 + 2*f**2 - 2. Let p be r(l). Suppose 0*b - p = -b. What are the prime factors of b?
5, 7
Suppose -5*m - 2 = -47. Let s be (-3)/m*(-10 + 1). Let a = s - -41. What are the prime factors of a?
2, 11
Suppose -3*g - 3*m + 2041 = g, 3*g - m - 1547 = 0. Suppose -2*q = -g - 250. List the prime factors of q.
2, 191
Let j be ((-176)/(-10))/((-38)/(-95)). Suppose 56*g - j*g = 20976. What are the prime factors of g?
2, 19, 23
Suppose -13*u + 73930 + 67050 = 15*u. What are the prime factors of u?
5, 19, 53
Let w(z) = 5*z**2 - 4*z - 9. Let q(y) = -6*y + 0*y**2 - 6*y - 2*y + 5 - 2*y**2. Let g be q(-7). List the prime factors of w(g).
2, 3
Let m(u) = -u**3 - 14*u**2 + 17*u - 16. Let a be m(-19). Suppose 5*k - 7*d - a = -10*d, 4*k - 5*d - 1195 = 0. What are the prime factors of k?
5, 59
Let s(d) = 12*d**3 + d**2 - 5*d - 4. Let t(k) = -24*k**3 - 2*k**2 + 9*k + 7. Let u(g) = -11*s(g) - 6*t(g). List the prime factors of u(3).
2, 13
List the prime factors of (-1*1*-101)/((-41)/(-156128)*28).
2, 17, 101
Let f = 8 + -7. Let j(p) = -5*p**2 + 452 - 452 + p + 60*p**2. List the prime factors of j(f).
2, 7
Let k = 261 - 153. Let a(p) = 6*p**3 - 2. Let z be a(2). Let n = k - z. List the prime factors of n.
2, 31
Let g = 37 + -1. Suppose -14*c + 11*c = -g. Suppose 3*y = -c, -2*t + 4*y = y - 218. List the prime factors of t.
103
Suppose 0 = -f + 5*v + 19677, 3*f - 19689 = 2*f + v. What are the prime factors of f?
2, 3, 547
Let v be 18 + 0 + 1 + -1. Suppose -22*r = -v*r - 8. Suppose -5*w + 4*s = -r*w - 267, 0 = -3*w - 3*s + 288. List the prime factors of w.
3, 31
Let g be -3 + (-95)/(-35) + (-592)/(-14). Suppose 0 = 46*m - g*m - 12. Suppose 0 = m*h + 76 - 238. What are the prime factors of h?
2, 3
Suppose k - 5*t - 6086 - 16787 = 0, 5*k - 3*t = 114299. List the prime factors of k.
2, 11, 1039
Suppose 262 = -5*j - 298. Let k = 117 + j. Suppose -k*d - 1 + 41 = 0. What are the prime factors of d?
2
Suppose -2*r = -3*t - 25, 31 = 2*r - 11*t + 6*t. Let l(x) = -x**3 - x - x + 2 + 9*x**2 + 5. List the prime factors of l(r).
5, 11
Suppose -31*g = -35*g, 2*p - 5*g + g = 16788. List the prime factors of p.
2, 3, 1399
Suppose -3 = -n + 2. Suppose -n*a + 1006 = x, 2*x - 627 - 1365 = -5*a. List the prime factors of x.
2, 17, 29
What are the prime factors of (639 - -23)/((-5)/(-50))?
2, 5, 331
Let m = 143830 - 95013. List the prime factors of m.
48817
Let s(h) = -h**2 - 31*h - 25. Let u be s(-30). Suppose -6*b + 7*b - 3*o - 190 = 0, -u*o - 20 = 0. List the prime factors of b.
2, 89
Let v = 34924 + -12865. List the prime factors of v.
3, 19, 43
Suppose 31*u - 28*u - 1095 = 0. Let q = 1078 - u. List the prime factors of q.
23, 31
List the prime factors of (-207*(21 - 8))/((-9)/42).
2, 3, 7, 13, 23
Let l(p) = 24*p**2 - 43*p**2 + 4*p**3 - p + 1 + 15*p**2. Let a be -3*1*(2 + -3). List the prime factors of l(a).
2, 5, 7
Let s be (12 + -4)/((-6)/(-1323)). Suppose -14*m + 980 = -s. List the prime factors of m.
2, 7
Let z(h) = -h**2 + 4*h + 7. Let l be z(4). Suppose l*f = 10*f + 12. List the prime factors of (2 - 0)/(1/((-110)/f)).
5, 11
Let i be (-1)/(-3 - 11/(-4)) - -5. Let j be (6/i)/2*-9. Let f(y) = 19*y**2 - 13*y + 2. List the prime factors of f(j).
2, 53
Let n = 511 - 312. Let d = -312 + n. Let p = d + 180. What are the prime factors of p?
67
Suppose 11*l = 6*l - 5920. List the prime factors of (l/6)/(12/(-54)).
2, 3, 37
Suppose -a + 32 = -57. What are the prime factors of a?
89
What are the prime factors of (5/15)/((-35)/(-2302125))?
5, 877
Suppose -2027 = -5*r - 522. Suppose -r = -4*u + 5*f + 27, 410 = 5*u - 5*f. What are the prime factors of u?
2, 41
Let g(i) = -10995*i - 347. List the prime factors of g(-2).
23, 941
Let g = 605 - 587. Suppose -g*i - 10120 = -28*i. List the prime factors of i.
2, 11, 23
Suppose -8*r + 385 - 161 = 0. Let s = 180 + r. What are the prime factors of s?
2, 13
What are the prime factors of (-5 + -1)*(9782/(-4) + 39/(-13))?
3, 59, 83
Let f(z) = 1051*z**3 + 832*z**3 - 1385*z**3 + 2*z - 2. What are the prime factors of f(1)?
2, 3, 83
Suppose -2*l = -3*l - 0*l. Suppose -7*o + 12*o - 230 = l. Suppose -o